-2.
-7
-124 - -106 - (1 + -3)
-16
(1 - -4) + (25 - (29 - 9))
10
Evaluate (-14 - -13) + (-10 - 0 - -5).
-6
What is (161 - 167) + (-5 - -20)?
9
What is 21 + -19 - (2 - (0 - -7))?
7
What is the value of -1 - (2 - (16 - 1 - 1) - 22)?
33
What is the value of (11 - 12) + -52 + 22?
-31
Evaluate (32 + 4 - 45) + 21.
12
What is (3 - 28) + (13 - 0)?
-12
What is the value of -12 - (2 - 12) - (16 + -4 + 5)?
-19
(-5 - (-7 - (-13 - -5))) + 8 + -4
-2
9 + (-35 - -12) + 12 + 5
3
2 + (-2 - 8) - (-18 + (7 - -11))
-8
What is 10 + -5 + 3 - (0 - 8)?
16
-7 - (18 - 1 - -6)
-30
Calculate -8 - (-4 + 4 - 5) - (5 - 9).
1
-17 - (-5 + 9) - -16 - (20 - -1)
-26
What is the value of 290 + -286 - (7 + -1 - -1)?
-3
Evaluate (-24 - 0) + (-62 - -67) + 7 + -7.
-19
What is the value of 2 + 8 + (-4 - 1 - -2) + -19?
-12
Evaluate 0 + (-1 - -5 - (3 + 7 - 3)).
-3
Evaluate -31 - (1 + (9 - (15 + -11))).
-37
Calculate -11 - -7 - (-7 + (-10 - -23)).
-10
What is 5 + -19 - (9 - 10)?
-13
-92 - -85 - (2 + -19)
10
Calculate (-1 - (14 + 1)) + -503 + 521.
2
What is the value of 1 + 4 + -3 + 3 - (1 - -6)?
-2
Evaluate -1 - 0 - ((-10 - -1) + (-82 - -83)).
7
What is (766 - 809) + 0 + 41?
-2
What is 10 + -3 - (-24 - -43)?
-12
What is (-29 - -16) + 5 + -17?
-25
Calculate -7 - (-13 - (2 - 3)) - 20.
-15
What is 1 + 0 + -5 + -7 - 2?
-13
What is the value of -15 + 20 + -11 - (-36 - -11)?
19
What is 12 - (8 - 6) - (1 + 10)?
-1
What is -3 + -1 + -14 + (12 - 4) + 12?
2
(0 - (-8 + 2 + 16) - -6) + 18
14
Calculate (1 - 9) + (38 - 44).
-14
Evaluate -3 + 0 - (-40 + 20 + -6).
23
What is the value of (-8 - -23 - 23) + 37?
29
Evaluate 4 + (8 - (17 + (-14 - -10))).
-1
What is 76 - 75 - (-1 - -16)?
-14
What is 11 - (7 + -3 + 6 + 7)?
-6
Evaluate (-8 - -2) + 38 + -35 + 11.
8
Evaluate 13 + -17 + (-6 - -21).
11
What is 2 + 9 + -4 - (2 + 3)?
2
What is (-11 - (-3 - -11 - 8)) + 22 - 11?
0
What is the value of (3 - 9) + 9 + 6 - 4?
5
What is the value of (-16 - -8) + (3 - -1) + 8 - -11?
15
Evaluate (2 - -2) + 45 + -43 - -10.
16
Evaluate -3 + -1 + 164 + -156 + -4.
0
What is the value of -48 - -44 - (-2 - 6)?
4
Calculate (10 + -42 - -25) + -8 + 3.
-12
Evaluate -4 - (19 + -21 + -14 + 1 + 4).
7
What is the value of -15 - (-11 - -15 - 4)?
-15
What is the value of -10 - (-25 - (-15 - (14 + -15)))?
1
What is the value of 6 + (-1 + 2 - (-16 + 20)) - 3?
0
What is -23 - (-26 - 2) - 9?
-4
What is the value of 0 - 13 - (133 + -140)?
-6
5 + 0 + (-3 + 36 - 34) - 23
-19
What is the value of -9 - ((1 - -6) + (-25 - -16))?
-7
6 + 3 + -9 + -28 - (-9 + 2)
-21
What is 8 - (-18 - (-21 + -16))?
-11
What is the value of (0 - (-9 - (8 + -4))) + (-3 - 2)?
8
What is the value of (12 - 2) + 23 + -39 + 10 - -5?
9
What is the value of 88 + -65 + 7 + (7 - 15)?
22
Calculate 30 + -1 + (-11 - (4 + -9)) - 6.
17
What is the value of (-3 - -41) + -77 + 15?
-24
-5 - (53 + -59 - (0 - -2))
3
What is (2221 - 2187) + 4 + (1 - 3)?
36
Evaluate -4 + -4 + (57 - 52).
-3
-20 + 22 - 19 - 0
-17
Calculate -21 + (7 - 9) + (-3 - -11) + 11.
-4
What is the value of 16 + (11 + 1 - (10 + (16 - 12)))?
14
Calculate -7 + (-7 - -2) + 20 + -21.
-13
What is 4 - (-4 - (-9 - (6 + -2)))?
-5
What is the value of (8 - 12 - -14 - 15) + 0 + 16?
11
-6 - (1 + -4 - -1 - 6)
2
What is the value of -41 + 2 + (32 - (-22 + 44))?
-29
What is -11 - ((-21 - -10) + -1) - -5?
6
What is -5 + (-4 - -8) - 16 - (-3 - -1)?
-15
Evaluate 9 + (-8 - (15 + -6 - (-13 - -18))).
-3
Calculate (-43 - 0) + (1044 - 1016).
-15
What is the value of 3 - (-44 + 39 - (-7 + -3))?
-2
What is the value of -21 + -1 + 3 + (-18 - -22)?
-15
What is 8 + 3 - 11 - -5?
5
What is (-2 - 8) + (-30 - -24) + 17?
1
Evaluate 5 + 19 + -36 - (0 - 3).
-9
What is -25 + 11 - (1 + -22)?
7
Calculate (1 - -6) + (5 - -11 - 23) - -5.
5
Calculate -5 + 7 + 3 + -4 - 12.
-11
Evaluate 0 + -6 + -5 + 3 + 7.
-1
Evaluate -13 + (-3 - -5) + (52 - 52).
-11
What is 11 + (0 - 13) + 8 + 2?
8
What is the value of -3 + (3 - -3 - (18 - (1 - -8)))?
-6
What is the value of 8 + -2 + 5 - 39?
-28
What is the value of 319 - 322 - (1 - 26)?
22
What is the value of 1 - (9 + -3 + -10)?
5
-1 + 5 + -11 + -1 + 19
11
-9 - (3 + (-7 - ((-12 - 11) + 2)))
-26
Evaluate -4 + 2 + -4 + 7 - 14.
-13
Evaluate 19 + 2 + (-34 - -25) - -1.
13
What is the value of 195 + -162 - (17 + 1)?
15
Evaluate -31 + (-11 - 11) + 43 - (0 - 31).
21
Calculate (-2 - -1) + 48 + -35.
12
Calculate (-10 - -13) + (1 - (-2 + -8) - -1).
15
What is (13 - 26) + 48 + 1 + (-10 - 2)?
24
Calculate 24 - (70 + -36 - -14).
-24
-1 + 9 - (-8 - (-2 + 5) - -10)
9
What is 11 - 7 - (-6 - 1)?
11
(-33 - -6) + 10 + -6 + 8 + 5
-10
10 + -36 + 17 + 27
18
What is -74 + 77 - (0 + -1 + -6)?
10
Evaluate (-27 + (6 - -5) - -11) + (-2 - -23).
16
(5 - 7 - -6) + -16
-12
(-13 - (-9 + -17 + -3)) + 2
18
Calculate 15 + (-19 - -10 - 1).
5
What is the value of 13 - (9 + 11 + -30 + -4)?
27
Calculate -80 + 77 - (-1 + 5 + -27).
20
What is the value of -2 - (4 + (-12 - 1) - -9)?
-2
2 + (0 + 17 + -12 - (-1 - -4))
4
Evaluate -13 + (24 + 7 - 19).
-1
Calculate 2 - (2 - -1 - (5 + (-4 - -1))).
1
Calculate -21 - (-23 + 18) - -31.
15
Evaluate 40 + 0 + -15 + 3 + -8.
20
What is 2 + (4 - (-33 - -23))?
16
Evaluate 2 + 10 + -37 + (1 - 1).
-25
Evaluate -11 + 3 + 5 + (-1 - -9).
5
What is the value of (15 - (18 + -17)) + -5?
9
Evaluate (-51 + 34 - 16) + 57.
24
What is (2 - (7 - -2) - 8) + 5?
-10
-32 - (1 - (7 - -11))
-15
-2 + 12 + 1 + -8 + (-4 - 0)
-1
Calculate 44 - 14 - (-45 - -38).
37
Calculate 6 - (19 - 2 - (48 - 46)).
-9
Calculate (-25 + 0 + 34 - 8) + -1 + 18.
18
Calculate (27 - (32 + -9)) + 17.
21
9 - 6 - (-9 + (-7 - -8))
11
What is 12 + -46 + 42 + (-7 - 1)?
0
(-16 - (-16 - (-8 + (6 - 6)))) + 17
9
What is -4 + (7 - -1) + (-2 - (-13 - -14))?
1
What is -33 + 56 - (53 - 9)?
-21
1 - (-8 - (-28 + -4 + 2 + 2))
-19
What is -13 - (24 + -45 + 18) - (22 - -1)?
-33
What is 1 - 1 - (-20 + -1) - (17597 - 17589)?
13
Calculate -7 - ((35 + -44 - (2 - 7)) + -18).
15
What is 9 + (9 - 1) + (-4 - 13) + 6?
6
What is the value of -18 + 19 - (7 + 1) - (-10 - -4)?
-1
-6 + -9 + (9 + 1 - -4)
-1
What is the value of 21 - 31 - -35 - (13 + 0)?
12
Calculate -3 - -5 - (-1 - -2) - 10.
-9
What is -4 + (-13 - -25) - 3 - (8 + -1)?
-2
What is the value of 8 + -8 + -5 + 1?
-4
What is (0 - 2) + 57 + -55 - 17?
-17
What is the value of -10 + 5 - (-26 - -13) - (-2 + -7)?
17
Calculate (1 - (-10 - (1 + 0))) + 7.
19
What is the value of -35 + -13 - (45 + -82)?
-11
Evaluate -4 + -15 + 13 - -20 - 24.
-10
(5 + -14 - -2) + (19 - (9 + -2))
5
What is 7 - 1 - (4 + 9 + (10 - 10))?
-7
Calculate -9 + (-20 - -13 - -46).
30
What is -5 + (-7 - ((10 - 10) + -2))?
-10
61 + -49 - (0 - -14)
-2
Evaluate 21 + -26 + -5 + 26.
16
Calculate 2 + 3 - (5 - -11 - 12).
1
Evaluate 3 + 41 + (-27 - -13 - -1).
31
-11 + 15 + -4 - (-8 - 2)
10
(-11 - (-2 - -3)) + 70 + -65 + 30
23
What is the value of (6 - -10) + -8 - (10 + -15)?
13
-73 + (-33 + 71 - 4)
-39
What is the value of -3 + 4 + 6 - (-3 + -7 + 12)?
5
-6 - (-4 - (-17 + 13) - (-1 - -6))
-1
Evaluate 0 - 3 - (28 + (-60 - -32)).
-3
What is the value of -23 + (-12 - -25) - -15?
5
What is (-1 - (0 + 5)) + (11 - 12 - 4)?
-11
Calculate -14 - (-19 + (-5 - -12) + 3).
-5
Evaluate 3 + (4 - 22) + 9 + (-3 - -3).
-6
Evaluate -14 - -7 - (-28 + (2 - 2 - -4)).
17
What is -47 + 42 + -14 - 2?
-21
Evaluate 1 + -26 + 29 - (1 - 0).
3
What is -17 - (1 + 9 + (-12 + -9 - -12))?
-18
What is the value of 10 - (-7 + 0 + -10 + 0 + 13)?
14
Calculate (-10 - -7 - -13) + -3.
7
What is (-11 - (-4 - (-9 + 0 - -5))) + 3?
-8
What is the value of -28 - (22 + (-10 - 24))?
-16
Evaluate (-1 - (18 - (-4 + 9) - 8)) + 28.
22
Calculate 32 + -1 + (4 - 6) + 4091 + -4088.
32
What is the value of 14 - (8 - 6) - 29?
-17
What is 50 + -50 - (-1 - 1)?
2
Evaluate (6 - 1) + 81 + -92.
-6
Evaluate 6 - (7 + 0) - -7 - 5.
1
Evaluate 12 + -9 + 3 - 7 - -5.
4
-5 + 1 - -7 - (-3 + -12 + 5)
13
-45 + 67 + -28 + -21
-27
Calculate 6 - ((-4 - 5 - -5 - 1) + -3).
14
Evaluate -18 - (-215 + 225 - (22 - 0)).
-6
What is 7 - ((2 - (-2 + 12)) + -86 + 87)?
14
Calculate -12 + -16 + (-9 - -8) + 1.
-28
What is the value of 2 + (-1 - 3 - (-1 + 8 - 14))?
5
-6 + -4 + (-19 - -31)
2
-51 - -18 - (-11 - 4)
-18
What is the value of -10 - (-7 + -1 + -1 + 4) - -19?
14
Evaluate -4 - ((7 - 13) + (-3 - -7 - 4)).
2
-12 + (-7 - -9) + 4 - 3
-9
What is 2 + -1 + (-6 - (5 + -16))?
6
Calculate 3